rue
Is 1255 a prime number?
False
Is 53881 a composite number?
False
Is 238889 prime?
False
Is 1001651 composite?
True
Is 31957 composite?
False
Is 105289 a composite number?
True
Is 3747 a prime number?
False
Is 3641 composite?
True
Is 31877 composite?
True
Is 298198 prime?
False
Is 959 a prime number?
False
Is 589483 a prime number?
False
Is 461843 a composite number?
False
Is 2038919 a composite number?
False
Is 716113 a composite number?
True
Is 212621 prime?
False
Is 1629401 prime?
False
Is 22409 composite?
False
Is 89809 a prime number?
True
Is 172741 prime?
True
Is 11539 composite?
True
Is 50171 a prime number?
False
Is 459271 a prime number?
True
Is 259643 a prime number?
True
Is 401861 a composite number?
False
Is 12247 a composite number?
True
Is 10079 a composite number?
False
Is 263377 prime?
False
Is 2042051 prime?
False
Is 207229 a composite number?
True
Is 174973 prime?
False
Is 31523 a prime number?
False
Is 1072861 a composite number?
True
Is 850081 prime?
True
Is 9143 a prime number?
False
Is 583433 a prime number?
False
Is 202037 composite?
True
Is 113593 prime?
False
Is 2199 a composite number?
True
Is 15653 prime?
False
Is 2089489 a prime number?
True
Is 9089 a prime number?
False
Is 203037 prime?
False
Is 889 prime?
False
Is 25111 a composite number?
False
Is 1094881 a prime number?
True
Is 3499 composite?
False
Is 61253 a composite number?
False
Is 373021 a prime number?
False
Is 533677 a composite number?
True
Is 141863 a prime number?
True
Is 1685 composite?
True
Is 15053 prime?
True
Is 566411 prime?
False
Is 22339 composite?
True
Is 120067 composite?
False
Is 10289 a prime number?
True
Is 63979 a prime number?
False
Is 1903 a prime number?
False
Is 932917 composite?
False
Is 1717817 a composite number?
False
Is 35027 prime?
True
Is 164695 a composite number?
True
Is 636367 a prime number?
False
Is 1835 composite?
True
Is 40739 prime?
True
Is 39439 prime?
True
Is 352883 composite?
False
Is 483643 a prime number?
True
Is 7321 composite?
False
Is 23789 a composite number?
False
Is 5381 a prime number?
True
Is 4229 composite?
False
Is 88589 a prime number?
True
Is 140441 a composite number?
True
Is 88861 composite?
False
Is 153907 a composite number?
True
Is 13841 prime?
True
Is 2321 a composite number?
True
Is 1337071 prime?
True
Is 19819 a composite number?
False
Is 194779 a composite number?
True
Is 3276203 composite?
True
Is 161 a composite number?
True
Is 73495 a prime number?
False
Is 295819 a composite number?
False
Is 164789 a prime number?
True
Is 583 a composite number?
True
Is 662897 composite?
False
Is 118751 composite?
False
Is 262519 a prime number?
True
Is 178207 a composite number?
False
Is 6803 a prime number?
True
Is 58613 composite?
False
Is 55871 a composite number?
False
Is 3159502 composite?
True
Is 211723 a composite number?
False
Is 178327 a prime number?
True
Is 132479 composite?
True
Is 1639 prime?
False
Is 3511 a composite number?
False
Is 14273 a prime number?
False
Is 101831 composite?
True
Is 61067 prime?
False
Is 379 a prime number?
True
Is 467499 composite?
True
Is 123502 a prime number?
False
Is 3103 a composite number?
True
Is 6899 composite?
False
Is 20021 prime?
True
Is 7851 a prime number?
False
Is 61777 prime?
False
Is 108821 a composite number?
False
Is 40459 prime?
True
Is 125917 a composite number?
True
Is 17399 a composite number?
True
Is 42277 prime?
False
Is 25719 a composite number?
True
Is 510589 composite?
False
Is 355 composite?
True
Is 26903 prime?
True
Is 54557 composite?
True
Is 139327 prime?
False
Is 11647 prime?
False
Is 8108753 prime?
True
Is 5221 a composite number?
True
Is 16255 a prime number?
False
Is 513289 prime?
False
Is 4341697 prime?
True
Is 3433 a composite number?
False
Is 19043 a composite number?
True
Is 8095 composite?
True
Is 106649 composite?
False
Is 7093 a prime number?
False
Is 84499 a composite number?
False
Is 4409 a composite number?
False
Is 17521 composite?
True
Is 74923 prime?
True
Is 3683 a composite number?
True
Is 19121 composite?
False
Is 700307 composite?
False
Is 45943 composite?
False
Is 45283 a composite number?
True
Is 7327 a prime number?
False
Is 866069 a composite number?
True
Is 5998 composite?
True
Is 8861 prime?
True
Is 61913 a composite number?
True
Is 70939 composite?
True
Is 1927087 a composite number?
False
Is 31279 a composite number?
True
Is 24239 a prime number?
True
Is 166013 composite?
False
Is 32329 composite?
True
Is 10801 composite?
True
Is 1471 prime?
True
Is 524669 a composite number?
False
Is 5399 a composite number?
False
Is 440009 a composite number?
False
Is 39451 a composite number?
False
Is 10111 a prime number?
True
Is 18613 prime?
False
Is 19031 a composite number?
False
Is 4643 prime?
True
Is 24287 a composite number?
True
Is 481 a prime number?
False
Is 27179 composite?
False
Is 42751 prime?
True
Is 1399 prime?
True
Is 9967 prime?
True
Is 2157 prime?
False
Is 1469 prime?
False
Is 179506 prime?
False
Is 36541 prime?
True
Is 13217 prime?
True
Is 3011 a prime number?
True
Is 8059 a prime number?
True
Is 4171 a prime number?
False
Is 28343 a composite number?
True
Is 1825757 prime?
True
Is 7069 a prime number?
True
Is 47939 prime?
True
Is 1901 prime?
True
Is 64319 a composite number?
False
Is 4193 composite?
True
Is 61849 a prime number?
False
Is 753113 a prime number?
False
Is 72715 a composite number?
True
Is 1373761 a composite number?
False
Is 147669 a composite number?
True
Is 18041 a prime number?
True
Is 9967 prime?
True
Is 367771 prime?
True
Is 28117 prime?
False
Is 19289 a prime number?
True
Is 1033987 composite?
False
Is 935899 composite?
False
Is 41813 prime?
True
Is 27137 prime?
False
Is 5905 a composite number?
True
Is 328661 prime?
False
Is 3891 a composite number?
True
Is 42037 composite?
True
Is 9257 a composite number?
False
Is 5039 composite?
False
Is 127409 a composite number?
True
Is 73673 prime?
True
Is 19797 composite?
True
Is 137339 prime?
True
Is 3223 composite?
True
Is 4553 composite?
True
Is 5399 a composite number?
False
Is 130007 prime?
False
Is 1283533 composite?
True
Is 56629 a composite number?
False
Is 5411 composite?
True
Is 126839 prime?
True
Is 5433 a composite number?
True
Is 1726 a composite number?
True
Is 1254421 prime?
False
Is 871358 composite?
True
Is 9382 composite?
True
Is 15545 prime?
False
Is 274213 a prime number?
True
Is 621559 a prime number?
False
Is 53113 a composite number?
False
Is 1253 prime?
False
Is 4751 prime?
True
Is 98751 prime?
False
Is 513467 prime?
False
Is 641 a composite number?
False
Is 3017 a prime number?
False
Is 20841 a composite number?
True
Is 235273 composite?
False
Is 3247 prime?
False
Is 63277 a composite number?
False
Is 50527 composite?
False
Is 5919 composite?
True
Is 2281 a composite number?
False
Is 317 composite?
False
Is 3587 a composite number?
True
Is 1851999 composite?
True
Is 1966 composite?
True
Is 5897 composite?
False
Is 429659 composite?
False
Is 105359 prime?
True
Is 199009 a composite number?
True
Is 5207 a composite number?
True
Is 48017 composite?
False
Is 27299 a composite number?
False
Is 1848023 prime?
True
Is 206149 prime?
False
Is 9533 a composite number?
False
Is 1103 prime?
True
Is 5191 prime?
False
Is 50909 prime?
True
Is 5017 composite?
True
Is 2923 a composite number?
True
Is 372831 a composite number?
True
Is 19853 composite?
False
Is 264599 a prime number?
True
Is 678577 composite?
False
Is 158947 composite?
True
Is 6667 a composite number?
True
Is 845879 prime?
True
Is 62759 prime?
False
Is 355457 composite?
False
Is 150779 a prime number?
True
Is 1917151 a composite number?
True
Is 5723 composite?
True
Is 38681 composite?
True
Is 1154455 a composite number?
True
Is 306941 prime?
True
Is 43853 composite?
False
Is 31949 a prime number?
False
Is 47555 a composite number?
True
Is 261539 prime?
False
Is 92021 prime?
False
Is 27877 composite?
True
Is 9413 a prime number?
True
Is 230365 a composite number?
True
Is 112078 a prime number?
False
Is 15187 composite?
False
Is 11303 composite?
True
Is 22853 a composite number?
False
Is 282343 a composite number?
True
Is 20171 a prime number?
False
Is 14395 a composite number?
True
Is 1524469 a composite number?
False
Is 23783 prime?
False
Is 55951 composite?
True